- 7) + (136 - 187 - -46).
-11
What is the value of 25 - (-26 - 2) - 19?
34
What is the value of -2 + 8 - ((3 - 61 - 3) + 20)?
47
-85 + 34 - -38 - 35
-48
What is the value of -11 + ((-2 - -1) + 2 + 118 - (-4055 - -4049))?
114
Evaluate 8 + (-9 - 2 - 3) - -7 - 6.
-5
Evaluate 37 + (-28 - -16) + -32.
-7
Evaluate 65 + 63 + -135 + (-4 - 1 - (-3 - -5)).
-14
(226 - 57) + -168 + 21
22
-84 + 53 + 39 - -30
38
What is 9 + -8 - (4 - ((-2 - -1) + -42 + 39))?
-7
Calculate -28 - 1 - (227 + -352).
96
What is the value of -43 - (1 + -13 + 3)?
-34
Evaluate -1 + -12 + 8 - (0 - ((5 - 5) + -2)).
-7
Evaluate 0 - (45 - -2) - (-4 + 5 + -3 + 2).
-47
Calculate -25 - -46 - (7 - (-36 - 20)).
-42
What is 25 - 1 - (-172 - (-187 - -65))?
74
Evaluate 13 + (-84 - (36 + -65 - -15)).
-57
What is the value of -14 + (19 - 9) + (5 - 0 - -65)?
66
20 + (12 - (-7 + -4 + 28)) + 1
16
What is 26 - (-41 + (-22 - -16))?
73
284 + -256 - (133 + 30)
-135
What is (-55 - (-1 - (-4 + 17 - (-5 - -6)))) + -5?
-47
What is the value of (-58 - -72) + -12 + 21 + -1?
22
What is 25 + 1 + 14871 + -14980?
-83
Calculate -11123 + 10979 - (-2 + -18).
-124
What is the value of -17 - (-5 - 11) - (43 + -12 + (-3 - -3))?
-32
What is the value of -28 - 1 - 12 - 9 - (7 + -6)?
-51
Evaluate -13 - -5 - -40 - (771 + -708).
-31
What is (5 - -7) + -6 + -51 + 0 + 9 + -3?
-39
Evaluate (12 - (-9 - -24) - (11 - 0)) + 19.
5
What is -11 + -24 + 38 + -16 + 30?
17
Evaluate -32 - -19 - -8 - -24 - (16 + -2).
5
(-1257 - -1128) + (-2 - -82)
-49
17 + -8 + (124 - 127) + -1 + 1
6
What is the value of -1 + 15 + -7 + (68 - 38)?
37
Evaluate (1135 - 1164) + -84 + 11.
-102
What is the value of -3 + -53 + -75 + 45 + 20 + (7 - 1)?
-60
Calculate 55 + 78 + (-174 - -31).
-10
Calculate -2 + (-9 - -17 - 13 - -11) - 14.
-10
Evaluate (6 + 12 - 8 - -6) + -22.
-6
What is the value of -21 - (-84 - -37) - -20?
46
What is the value of -25 + -11 + 30 + -1 + (-3 - -5 - -45)?
40
Evaluate (-3 - 36) + 2 - (10 + (-9 - (10 - -1))).
-27
What is the value of (72 + -43 - 46) + 18?
1
Calculate (114 + -285 - -115) + 1 + 20.
-35
What is the value of 9 + (39 - 26) - (-23 - -9)?
36
3 - (6 + (21 - 2 - 5) + (-23 - -30))
-24
Calculate -113 + 54 + 53 + (43 - 1).
36
-85 + -28 + 127 + -37 + -3
-26
What is the value of (-3 - 4) + -66 + 78 + (37 - 0)?
42
What is 12 + (-96 - -54) - (6 - 3)?
-33
What is the value of -6 + 1 + -34 - (-522 - -519)?
-36
-17 + 0 + -13 + (51 + -53 - -24) + 5
-3
(18 + -17 + 6 - 77) + (5 - 4) + 5
-64
Calculate 0 - (12 - -13) - 7 - (-1 + -7).
-24
What is 2 - (4 + 0) - (39 + -11 + 23 + -9)?
-44
Calculate (2952 - 3018) + 1 + 104.
39
Calculate -15 + (29 - 26 - -27 - (-15 + -2)).
32
What is the value of -17 + 31 + -27 + -5 + 15 + -22?
-25
What is the value of (2 - -91 - 111) + (2 - 5)?
-21
Calculate 13 - 2 - ((33 - 16) + 19 + 17).
-42
Evaluate (-263 - -233) + (9 + -15 - -26).
-10
15 + -6 + 26 + -38 - -105
102
Evaluate (30 - -108) + -218 - (7 - (-1 + 3) - 2).
-83
Evaluate 1 - (43 + 0 + -45).
3
(7 + -4 - 16) + (-26 - -23) + 78
62
What is 12 + 6 + 9 + -23 + 7 + -118?
-107
What is 17 - (-22 + 38 - -21) - -19?
-1
What is (-1 - 1) + 2 + -1016 + 1079?
63
Calculate (-7 - 85 - 14) + 2 + 2 + -31 + 42.
-91
What is (-416 - -536) + (0 - (1 - 2)) + 5?
126
What is -3 + 35 - (-266 - -265)?
33
What is the value of (-1 - -42) + (0 - -5 - (-247 - -257))?
36
Evaluate (-2303 - -2181) + 106 + -2.
-18
Calculate 33 + (9 - (-13 - (-23 + (5 - -2)))).
39
What is 21 + (-6 - 50) + 21 - -23?
9
What is the value of (48 - 2) + -38 + 111 + -13?
106
Calculate -48 + 42 - (-19 - (2 - 4)) - 8 - -1.
4
-21 - (-3 + 29 - (-42 - -116))
27
-7 - (-3 + 5 + 0 + 0 + 1 - 14)
4
Calculate -73 + (69 + -120 - -76).
-48
What is the value of 118 + -140 + (2 - -17) + (86 - (7 + -4))?
80
What is (9 + -13 - -11) + 3 + (42 - -1)?
53
(-15 - 1) + -19 + (-5 - (11 + -34))
-17
What is the value of 28 - 34 - (1 + 1) - (5 - (6 - -1))?
-6
-19 - (-23 - -45 - 67)
26
What is (-13 - 23) + -3 + 2 - (103 - 112)?
-28
What is the value of 20 + 0 + (96 + -96 - 39)?
-19
Evaluate -43 + 73 - -53 - 101.
-18
46 + (0 - 6) + (132 - 134) + 4 + 1
43
Calculate 10 - (-16 + -9 + 33).
2
Calculate 4 + -3 - (-42 + 43 - 35).
35
What is the value of (16 - 8) + -11 - (91 + 0) - (48 - 40)?
-102
What is -382 - -420 - (23 - -1)?
14
What is 94 - 0 - (-40 + 28 - -53 - 43)?
96
What is the value of (-112 - (-264 - -168)) + (-9 - -1)?
-24
(-8 - -1 - ((9 - 36) + 21 + -9)) + 94
102
((-8 - -5) + 10 - 8) + -7 + 21
13
Evaluate 6 - (17 + 12 + -1 + 22).
-44
(-35 + -12 - 0 - 2) + 15
-34
97 + -121 + 32 + (58 - 1) - (-14 - -2)
77
Calculate 3 + -9 + 9 + 11 + -15.
-1
Calculate 26 + 9 + -7 + 6 + 9 + -8.
35
Calculate 29 - (-19 + (24 - 11) + (1 - 2) + 6).
30
Calculate (66 - (13 - -24) - -88) + -8.
109
What is -1 - -30 - (755 + -722)?
-4
Evaluate 142 + -314 + 66 + 40.
-66
What is 97 - (-31 - -40) - 66?
22
What is -4 + 20 + (12 - (16 - -19)) + 12?
5
What is 9 + (-7 - (0 + -11)) + -12?
1
Calculate -14 + 70 + (-30 + 55 - 35).
46
(-25 - -25) + (-24 - -38) - (-1 - 35)
50
Evaluate ((-2 + -15 - -9) + 5 - -2) + 53 + -10.
42
Evaluate -9 + 74 + (-12 - (1 + -4)) + 4.
60
55 + -51 + 62 - 131
-65
Calculate (3 - (19 + -2)) + (20 - -73).
79
What is -28 + (37 - 8 - 1)?
0
What is the value of (-1 - 67) + (-1 - 8 - (40 + (-12 - 43)))?
-62
Calculate -16 + (-8 - -2) - (-37 - -53).
-38
Evaluate 7 - (-15 + -17 + 57 + -13).
-5
Evaluate (13 - (-61 + -31)) + 22.
127
What is 5177 + -5133 + (-129 - -1)?
-84
Evaluate (-4 - -134) + (144 - 133 - (7 - (1 - 0))).
135
Evaluate (-48 - (1 - 9)) + 31 + (0 - 27).
-36
Calculate (193 + -130 - (17 - 2)) + (1 - 7).
42
What is 162 - (93 + 23 + -43)?
89
-20 + 1 - (1258 - 1208)
-69
Evaluate -1 - 11 - (34 - (75 + -47)).
-18
Evaluate 11 - (4 - 5) - (58 + -51 - -55).
-50
What is the value of -32 - ((-70 - -4) + -26)?
60
Calculate (1 + -23 - 13) + 4 + 35.
4
What is the value of (-138 - (-41 - 12)) + 55?
-30
Calculate 2 + (-1 - -5) + -9 + -3 + -10 + 15.
-1
Evaluate 111 + 10 + -5 + 25 + -39.
102
1 + -14 - (9 + -6 + 3 + -36)
17
Evaluate -3 + (-30 + 69 - 26) - -28.
38
Calculate 11 - (-3 - -1) - (76 + (-67 - 35)).
39
Calculate -21 - (67 + -119) - (-1 - 1).
33
Evaluate 32 - (-29 + 47 + 42).
-28
What is -66 + -29 + 61 + 1 + -4?
-37
Evaluate -49 - (41 + -101 - -59).
-48
What is the value of 2 + -3 - -2 - (8 - (-8 + 7 + 3))?
-5
What is the value of (-12 - -43) + (7 - 25) - 13?
0
What is -30 + (-2 - 1 - -10 - -15) + (-36 - -23)?
-21
What is the value of 5 - 6 - -15 - ((28 - (13 + 0)) + -17)?
16
Evaluate -1031 - -961 - (1 - (2 + 15) - -3).
-57
What is the value of (10 - 1) + 1 + 7 + -8 - (9 + -3)?
3
What is 10 - (-19 - (-2 - -4 - (10 + -1)))?
22
What is the value of (11 - 3) + -20 + 9 - (-8 - (43 - -3))?
51
0 - -10 - (2 + 11 + -10 + 2)
5
What is the value of -142 + -2 - (-2013 - -1903)?
-34
Evaluate 29 + 19 - (-13 + 10) - 5 - 11.
35
Calculate -23 + 18 - ((4 - 84) + -16 + 12 + -3).
82
-47 + (-63 - (24 - 89))
-45
Evaluate 53 + -9 - (-5 + 9 + -4 + 5 - -4).
35
What is the value of 52 + 56 + -73 + (2 - -4)?
41
4 + (-15 - (-30 + 38)) - -39
20
Calculate 27 + -56 + -18 - -51.
4
What is -24 - ((5 - 3) + -23 + 6 + 8)?
-17
Calculate -1 - -101 - (-48 + (-188 - -233)).
103
Calculate -10 + (-5 - (-20 - -8) - -10) + (9 - 60).
-44
What is (6 - (5 + -1)) + 192 + -165?
29
Evaluate (-79 - -138) + -151 - -192.
100
Evaluate 5 + 6 - (-7 + -1 + -8 + 21).
6
What is the value of (-6 - -20) + -33 + 41?
22
Calculate -2 - (-15 + 13 + -28).
28
-8 + (-16 - -4 - -5 - 5) + -14
-34
Calculate -18 - -9 - (17 + -16 + 28 - 0).
-38
What is -6288 - -6298 - (-50 - -5 - (1 - -1))?
57
What is -214 + (-28 - -149) + 147?
54
Evaluate (20 - 15) + 11 + (8 + -8 - 6).
10
What is (37 - 50) + (-5 - ((-23 - -2) + 3))?
0
Evaluate (39 + -58 - -86) + -86.
-19
What is the value of 26 - (-11 + (17 - (25 + -17)) - 12)?
40
What is the value of -43 - ((-77 - -63) + (26 - 0) + -1)?
-54
(-109 - -128) + (5 - 33)
-9
Evaluate -43 - -140 - (-20 - -30).
87
Calculate (-6 + 5 - (-8 + -6 + (4 - 1))) + -54.
-44
What is 51 - (-31 - -18) - 61?
3
(-4 - 8) + -1305 + 1338
21
Evaluate 90 + (37 + -5 - 45) - (2 - (-3 + 3)).
75
Calculate (-33 - -18) + -28 + 20 + -6 + -12.
-41
Evaluate 2 + 6 + -4 + (55 - -5) + 18.
82
What is (13 - 1 - 3) + (-132 - -125)?
2
Evaluate 416 + -331 - (64 - 6).
27
What is the value of -2 - (-66 + (-1 + 7 - 4) - -11)?
51
Evaluate 